 i prime?
False
Let f = -27 - -29. Is (-1758)/((-4 + f)/((-2)/(-2))) a prime number?
False
Suppose 3 = -2*t - 3. Let c(b) = -b**3 + 14*b**2 - 13*b + 2. Let i be c(13). Is (-1115)/(-3) + i/t a composite number?
True
Let o = 4313 + 3561. Let q = o + -5353. Is q prime?
True
Let p = 19864 - 6723. Is p a prime number?
False
Let b(d) = d**3 - 15*d**2 - 10*d + 6. Let u(p) = -p**3 + 16*p**2 + 9*p - 7. Let x(k) = 4*b(k) + 3*u(k). Is x(13) prime?
True
Let z(v) = 2752*v - 163. Is z(6) a composite number?
False
Suppose -3*x + 1 + 17 = 0. Suppose 0*b + 852 = b. Is (b/(-18))/((-4)/x) a prime number?
True
Suppose -4*g - 5*m + 50 = 0, -2*g - 4*m = -4*g + 38. Suppose 5*c + 3*f - f + g = 0, 4*f + 16 = 4*c. Is (-4)/(5 + c) - -116 a composite number?
True
Suppose z = 4*z - 6. Let b be (40 + -5)*(9 + z). Suppose -8*v = -3*v - b. Is v a prime number?
False
Suppose 283 = 4*g - 2*b + 1531, 0 = -g - 4*b - 330. Let f = -42 - g. Let i = -178 + f. Is i composite?
True
Let r(b) = 5*b + 5894. Let y be r(0). Suppose a - y + 1987 = 0. Is a a prime number?
True
Suppose -v + g = -396, 2*g - 15 = 5*g. Suppose -3*w + 2*w = -v. Is w composite?
True
Let d = -5837 - -10726. Is d a prime number?
True
Suppose -14*h = 28071 - 75853. Is h composite?
False
Let p(o) = 32*o + 62. Is p(10) a prime number?
False
Suppose 5*x - 3*b - 13839 = -4057, 0 = 4*x + b - 7812. Let z = -1175 + x. Is z a prime number?
False
Let s(t) be the first derivative of -t**4/4 - t**3 - 21*t**2/2 - 8*t - 14. Let v be s(-15). Suppose -2*g + 1516 = 2*i, -4*i + v = 4*g - 5*g. Is i composite?
True
Suppose -3*y + 2*p - 70711 = -4*y, -2*p = -4*y + 282874. Is y a prime number?
True
Suppose 0 = -20*c + 18*c + 6914. Is c prime?
True
Let q be -5*36*1/(-5). Let s(w) = 4 + 8 + 3 - 14 + q*w**2. Is s(-2) a composite number?
True
Let o = -235 - -420. Is o prime?
False
Let h(k) = -k**3 + 7*k**2 - 8*k + 8. Let v(d) = -d**3 - 4*d**2 - 2*d - 2. Let n be v(-4). Let y be h(n). Is 422/y*(-3 - -1) a composite number?
False
Suppose 13*d = 36*d - 48967. Is d a composite number?
False
Let f = -61 + 55. Is (f + (-58)/8)/((-1)/28) composite?
True
Suppose 4 = -2*v - 4*c, -v + 4*c = 13 + 19. Let x be ((-8)/6)/((-8)/v). Is 2*(x + 860/8) a prime number?
True
Let h = 1113 + -1912. Let s = 1206 + h. Is s prime?
False
Let n be (6/(-9))/((-4)/(-30)). Let s be (0 + (-3)/3)*n. Suppose s = -j + 31. Is j composite?
True
Suppose -o + 2*u - 7*u = -4666, -5*u = -o + 4666. Is o/18 + 4 + (-152)/36 prime?
False
Suppose -4*r + 4*v = -r + 63, -4*r - 84 = v. Is 1*7/r*(-4254)/2 composite?
False
Let x = 32094 + 32459. Is x composite?
False
Let x = -1 - 2. Let s = 1 - x. Is 939/27 - s/(-18) a composite number?
True
Suppose -4 = 3*k - 1. Let x(z) = -379*z. Is x(k) prime?
True
Let k = 4736 - 167. Is k prime?
False
Let o(i) = i + 25. Let u be o(-11). Suppose 12560 = -10*g + u*g. Suppose -2*m - 2*m = -g. Is m a prime number?
False
Let l be (-4)/(-8) - (-13)/2. Let m be 0 + 3 + -10 + l. Let z(a) = a + 97. Is z(m) composite?
False
Let w = 73119 - 37700. Is w a prime number?
True
Is 591 - (-3 - (-3 + 2)) a composite number?
False
Let c(f) = -54*f - 29. Let x(u) = -54*u - 29. Let t(a) = 4*c(a) - 5*x(a). Is t(13) a prime number?
False
Suppose -3*p = 3*u + 531, 4*p + 5*u + 243 = -461. Let r = p + 474. Is r a composite number?
False
Suppose -4 = -4*b - 16, -5*d = -4*b - 9647. Is d composite?
True
Let h be -2 + (-1 - -4) - 10. Let i be (276/16)/(h/(-24)). Let l = i + -20. Is l prime?
False
Suppose r - 2844 = 5*w, -2*w - 1156 = -0*w - 5*r. Is -2 + 7 - 2 - w a composite number?
False
Let b(s) = -8 - 118*s - 8*s - 22*s - 23*s. Is b(-9) a composite number?
False
Let o(h) = h - 2. Let n(u) = -6*u + 11. Let w(q) = 2*n(q) + 11*o(q). Let x be w(-2). Suppose 5*j - x*j - 651 = 0. Is j a composite number?
True
Suppose -28 = -3*v - v. Let y = -5 + v. Suppose y*o - l - 154 = 2*l, -4*l - 67 = -o. Is o a prime number?
True
Let j = 44619 + 25272. Is j a composite number?
True
Let v be (-8)/28 + (-920)/14. Let f = v - -709. Suppose -3*q = -2716 + f. Is q a composite number?
False
Let z = 1877 - 166. Is z prime?
False
Suppose 415*v + 2184 = 413*v. Let q(r) = 277*r + 4. Let z be q(-7). Let m = v - z. Is m a prime number?
False
Suppose 27*y - 695162 = y. Is y composite?
False
Let u be (19/(-2) - -2)*(-2082)/9. Let n = u - 806. Is n prime?
True
Is ((-30342)/24)/((-3)/12) a composite number?
True
Let v(n) = -n**3 - 6*n**2 + 7*n. Let y be v(-9). Is (-2)/((-4)/42)*20820/y prime?
False
Suppose 0*y = 5*y. Suppose y*j - 3 = -j. Suppose -5*q - 750 = c - 6*c, -j*c = 4*q - 415. Is c a composite number?
True
Let o(a) = -90*a**3 - 4*a**2 - a + 3. Let y be o(-3). Suppose k + 0*k + y = 5*j, -948 = -2*j - 2*k. Is j prime?
True
Suppose -2*b = -b - 5*p - 25, b = -3*p - 7. Suppose -2324 = i - b*i. Is i a composite number?
True
Let t = -3 - -7. Suppose -5*j + t*o = 7*o - 4189, j = -o + 837. Is j a prime number?
True
Let d(z) = 53*z**3 + 3*z - 1. Is d(3) a prime number?
True
Let q(i) = -i**2 - 17*i - 20. Let u be q(-16). Is ((-620)/6)/((u/3)/2) prime?
False
Suppose -4*f = -37097 + 1533. Is f a prime number?
False
Suppose 2*l - 4707 = -4*h + 3421, l + 6101 = 3*h. Is h composite?
True
Is ((-3434)/(-4) + 5)*2 a prime number?
False
Let y be 4/(-14) + 192/84. Suppose 3745 = 5*r + 2*v, -y*r - 5*v = -0*r - 1498. Is r a prime number?
False
Suppose 131*z = 133*z - 10. Suppose -8601 = -3*s + 5*n - n, 14327 = z*s - 4*n. Is s prime?
False
Let j = 133264 - 46811. Is j a prime number?
True
Let c(m) = -m**2 - 19*m - 18. Let h be c(-18). Suppose o - 3*n - 92 = h, -5*n + n = 4*o - 352. Is o a composite number?
False
Let b be 1 - -398*(4 + -1)/(-6). Is (-4 + b)*(-3 - (-3)/2) prime?
False
Let x(m) = -m**3 + 15*m**2 - 5*m + 2. Let j(p) = 4*p**3 - 61*p**2 + 21*p - 8. Let c = 0 + 9. Let v(s) = c*x(s) + 2*j(s). Is v(9) composite?
True
Suppose -21*f - 1336723 = -62*f. Is f a prime number?
True
Let c(x) = -308*x**3 - 9*x**2 - 17*x - 14. Let p(o) = 103*o**3 + 3*o**2 + 6*o + 5. Let w(k) = -6*c(k) - 17*p(k). Is w(2) a prime number?
True
Let o = -86 - -164. Let p = 41 + -81. Let k = o + p. Is k prime?
False
Suppose 6*l - 3*l = 276. Suppose -2*o + 4*o = l. Is o composite?
True
Suppose 2*h - 5*p - 7295 = -6*p, 3*p = -h + 3650. Is h a composite number?
True
Let z(o) = -2*o**2 + o - 2. Let a be z(2). Is (-1*1)/(((-72)/(-27603))/a) a composite number?
False
Let o(t) = t**3 + 21*t**2 + 29*t + 24. Is o(-17) a prime number?
False
Suppose 5*d + 0*d - 255 = 0. Suppose -2*w - 5*i = -d + 187, -3*i - 128 = 2*w. Let x = 87 - w. Is x composite?
True
Suppose 2*n + n + 2*q = 1574, 2*n - 1047 = q. Let l = -233 + n. Is l a prime number?
False
Let f(c) = -8*c - 15 - 45*c + 9. Is f(-5) a prime number?
False
Suppose 3*j + l = 1396, 0*l + 916 = 2*j - 3*l. Suppose 3*x = -i + 297 - 19, 0 = -5*x - i + j. Is x a prime number?
False
Let c = 7 - 2. Suppose -c*v + 372 = -213. Suppose 2*o - v = 3*n + 101, -524 = -5*o - 3*n. Is o a composite number?
True
Suppose -1516 = -2*d - 2*x + 4*x, -4*d = 5*x - 3005. Let i be 3*(2 - (-12)/(-9)). Suppose -3*s = -i*f - d, 0 = 3*s - f + 4*f - 765. Is s composite?
True
Suppose -3*m + 3383 + 27004 = -j, -5*j + 20258 = 2*m. Is m prime?
False
Let b(x) = -x**3 + 13*x**2 - 10*x + 1. Suppose -2 = -2*m + 6. Let r = 8 + m. Is b(r) composite?
True
Let n = -6 - -20. Let u be (-7)/(n/(-6)) + -64. Let k = 94 - u. Is k a composite number?
True
Let a = 349 + 145. Suppose -k - 2*v + 2745 = a, 0 = 2*k + v - 4493. Is k prime?
False
Suppose -9*r + 12430 + 12896 = 0. Let x = r - 305. Is x composite?
True
Suppose 378 = -4*u - 3202. Let m = -272 - u. Is m a prime number?
False
Let t(p) = 37304*p**2 - 3*p + 6. Is t(1) a composite number?
False
Let x(h) be the first derivative of -h**4/4 + 10*h**3/3 + 6*h**2 - 8*h + 3. Let p be x(11). Suppose -2348 = -p*g - g. Is g prime?
True
Let r = -23938 + 40653. Is r prime?
False
Suppose -3*b - 5*t + 385 = -631, 0 = -b - 5*t + 322. Is b prime?
True
Let t(i) = -4*i + 2. Let b be t(-2). Let n = 16 - b. Suppose -2*o = -n*o + 1060. Is o a prime number?
False
Suppose 29 + 149 = 2*b. Is b prime?
True
Suppose 2*r - 3*m = -m + 28, 2*m = 4*r - 58. Is 36 + r/3 + -4 a prime number?
True
Let l(y) be the third derivative of 11*y**8/20160 + y**7/2520 - y**6/180 - y**5/20 + 10*y**2. Let b(d) be the third derivative of l(d). Is b(-3) a